 12*d - 7/6*d**3. What is a(-6)?
-2
Let k(a) = 3*a - 1. Let m(u) = 3*u**2 - 6*u - 7. Suppose -5*p = -v + 115, 3*v + p = 345 + 16. Let g = 123 - v. Let o be m(g). Give k(o).
5
Let v = -11 + 14. Let t(l) = -3*l + 2. Let u(k) be the second derivative of k**3/3 + 4*k - 2. Let h(g) = v*t(g) + 4*u(g). Give h(0).
6
Let m = 68 + -66. Suppose 2*w = -2*f, -3*f + 3*w - 24 = -m*w. Let a(s) = -6*s - 2. Give a(f).
16
Suppose -3*f - 5 = 2*f, -4*f - 420 = 4*y. Let l be (-192)/y - 2/(-13). Let u(n) = -n**2 + 3*n - 2. Calculate u(l).
0
Let o(g) be the first derivative of -2*g**2 + 115*g - 10812. Calculate o(29).
-1
Let h(k) = 2*k + 10. Let s be 5 + 3/(6/(-4)). Let i be (s - 3)*(-3)/(-6). Suppose -q + 2 - 10 = i. What is h(q)?
-6
Let n(h) = 9*h - 19. Let l(r) = 5*r - 10. Let v(b) = 7*l(b) - 4*n(b). Let o be 13 - 13*30/130. Determine v(o).
-4
Let d(f) = 3*f**3 + 11*f**2 + 5*f - 16. Let w(g) = 2*g**3 + 7*g**2 + 3*g - 10. Let b be 10 - ((60/(-3))/4)/(-1). Let y(u) = b*d(u) - 8*w(u). Determine y(-2).
2
Let d(o) = o**2 - 7*o + 12. Let v(w) = 2*w**2 + 128*w + 6. Let t be v(-64). Calculate d(t).
6
Let m(d) = -3*d**3 - 5*d**2 - 2*d. Let j(b) = -9*b**3 - 15*b**2 - 4*b - 1. Let c(x) = 3*j(x) - 8*m(x). What is c(3)?
-117
Let y(w) = 5*w**2 + 7*w + 4. Let x be (14/119)/(1/17). Let c(r) = -17*r**2 - 22*r - 12. Let o(g) = x*c(g) + 7*y(g). Calculate o(-5).
4
Let t = 8512 + -8508. Let n(w) be the first derivative of -w**2 + 7*w - 2. Give n(t).
-1
Let q(y) = y**2 - 13*y + 4. Let m be 0 + 781 + (-48)/(-8). Let v = m - 782. What is q(v)?
-36
Let a(d) = -d**2 - 6*d + 1. Let m be (-1)/((-5)/(-10)) + 72. Let w = m - 77. Calculate a(w).
-6
Let w(x) = -731*x + 1375 - 1446 + 736*x. Give w(16).
9
Suppose -5*o - 52 = 4*x, -2*x + 2*o + 10 = 36. Let r(c) = 2*c - 3. Determine r(x).
-29
Suppose -5*h + 20 = 2*c - 2*h, -5*c = h - 50. Let q be 170*(c/(-40) - (-6)/8). Let u(j) = -j + j + 1 - 86*j**2 + q*j**2. Give u(-1).
0
Suppose 0*k + k + 2 = 0. Let z = -4 + k. Let f(t) = 1062 - t - 2110 + 1051. Give f(z).
9
Let u(w) = -11*w + 64. Suppose -3*f + 13 = -l, 2*f + 3 = -7*l + 10*l. Give u(f).
-2
Let m = 1302 - 1302. Let w(s) = -7*s + 6. What is w(m)?
6
Let x(d) = 11*d + 347*d**2 + 357*d**2 + 6 - 701*d**2. Calculate x(-7).
76
Let t(c) = c**3 - 7*c**2 + 5*c + 31. Let l(f) = -283*f + 571. Let m be l(2). Calculate t(m).
6
Let l = -8/379 + 427/2274. Let x(b) be the second derivative of 1/6*b**4 - l*b**3 + 0 - b**2 + 5*b. Calculate x(2).
4
Let z be 4 - 18/(-6) - -1. Let n(o) = -53117*o + z + 2 + 53116*o. Calculate n(9).
1
Let y(q) = -2*q - 5. Suppose 4*b = 0, 24*m - 21*m = -5*b + 45. Let i(n) = n**3 - 13*n**2 - 32*n + 23. Let x be i(m). Calculate y(x).
9
Let a(i) = 11*i**3 + i**2. Let d be a(-1). Let b(c) = 8*c**2 + 20*c - 11. Let f(n) = -5*n**2 - 9*n + 12. Let s(h) = -2*b(h) - 3*f(h). Calculate s(d).
16
Let u(y) = -4*y**3 + 7*y**2 - 3. Let s(h) = 3*h**3 - 5*h**2 + 2. Let n(d) = -7*s(d) - 5*u(d). Let x be 4/7*(-63)/(-18). Suppose -x*r - 2*r = 0. Determine n(r).
1
Let x(z) = -z + 5. Let y = -67 - -76. Suppose 1122 = y*q - 165. Let g = q + -138. What is x(g)?
0
Let g(b) be the second derivative of -b**7/1260 - b**5/120 + 19*b**4/2 + 17*b + 7. Let d(f) be the third derivative of g(f). Calculate d(-1).
-3
Suppose 7*z = 105 + 21. Let d(u) = 7*u - 124. Calculate d(z).
2
Let t be (-3 + (-1 - -61))*(-4)/(-12). Suppose 22*y = t*y - 18. Let p(i) = -3 + 3 - 2*i. Give p(y).
12
Let a(m) be the second derivative of -m**5/20 - m**4/12 + m**3/3 - m**2 + 121*m. Let n = -113 + 115. Give a(n).
-10
Let h(o) = 2*o**3 + 12*o - 55. Let b(v) = -5*v**3 - 34*v + 150. Let r(n) = 4*b(n) + 11*h(n). Determine r(-2).
-13
Let t(a) = -a**3 + 5*a**2 + 6*a - 8. Let j(u) = 2*u**2 - 11*u - 1. Let m be j(-1). Suppose 14 - 2 = 4*x. Suppose m = -x*g + 5*g. Determine t(g).
-8
Let k be ((-1)/2)/(2/8). Let r be ((21/9)/(-7))/(2/(-12)). Let o(q) = -4*q**2 + 2*q**r + 17405*q**3 - 17407*q**3 + q. Calculate o(k).
6
Let g(v) = v**2 - 21*v + 111. Let m(y) = 6*y**2 + 50*y + 25. Let a be m(-8). What is g(a)?
3
Let u(b) = b**2 + 5*b - 2. Let m be 88 - ((4 - -1) + -12). Suppose 69 = 5*g - j + m, 0 = -3*g - j - 14. Determine u(g).
-2
Let j(v) = v**3 + 6*v - 5*v**2 + 4 - 11 - v**2 - v**2. Let q be j(6). Let r(s) = -s**3 - s**2 + s**2 + 7*s + 9*s**2 - 15*s**2 - 3. What is r(q)?
-3
Let k(w) = 18*w + 89806 - w - 89503 + 3*w. Calculate k(-15).
3
Let b(c) = c**2 - 25*c. Let t(m) = 6*m**2 - 162*m + 2. Let u(w) = 13*b(w) - 2*t(w). Suppose -4*s + 7*s = 0. Let j be 4/2 - (-2 + s). Calculate u(j).
8
Let r(j) = 928 + 944 + 883 - 2551 + 52*j. Give r(-4).
-4
Suppose 152*f + p - 2 = 154*f, 3 = -5*f + 2*p. Let t(j) = j**2 - 10*j. Calculate t(f).
-9
Let u(f) = -f**2 - f - 2. Let v(j) = -5 - 9 - 14 - 8 - 24 - 12*j. Let z be v(-5). Give u(z).
-2
Let a(f) = -3 - 102312*f + 102309*f + 5. Let j(x) be the first derivative of 3*x**2/2 - 9*x - 10. Let q be j(4). Calculate a(q).
-7
Let p(d) be the second derivative of -d**5/2 + d**4/4 + d**3/6 - d**2 - 17*d. Let j be p(-2). Let r = j - 90. Let h(f) = 9*f - 2. Calculate h(r).
-20
Let g(q) = -2*q - 5. Let k(c) = 3*c + 18. Let z(f) = 5*f + 18. Let m(t) = -5*k(t) + 4*z(t). Let y be m(5). Determine g(y).
-19
Let q(b) = -b**2 - 29*b - 155. Let g be ((-52)/(-65)*10/4)/((-12)/42). Determine q(g).
-1
Let w(k) = -6 - 2*k + 1 - 5. Let b be w(-7). Let c(p) be the third derivative of p**6/120 - p**5/30 - 7*p**4/24 + 5*p**3/6 + 107*p**2. What is c(b)?
9
Let i(f) be the first derivative of -f**3/6 - f**2 + f - 1. Let x(c) be the first derivative of i(c). Let m(h) = -91*h - 9278. Let n be m(-102). Determine x(n).
-6
Let w(n) = 5*n**2 - 489*n + 874. Let o be w(96). Let v(c) = -2*c - 2. Calculate v(o).
-22
Suppose 210*x = 216*x + 36. Let a(t) = -28*t + 22. Let w(g) = 13*g - 11. Let k(q) = x*a(q) - 13*w(q). Give k(12).
-1
Let h(m) be the third derivative of 3*m**4/8 - 47*m**3/3 - 390*m**2 + 3*m. Give h(11).
5
Let f(m) = m**2 + 55*m - 1519. Let j be f(-75). Let z(l) = 11*l + 213. Calculate z(j).
4
Let d(k) = 15*k + 69. Suppose -21 = 5*w + 2*r, 0 = -3*r + 32 - 26. Give d(w).
-6
Suppose 30 = -5*w, -2*j - 2*w + 0 = 4. Let r(p) be the third derivative of -7/30*p**5 + 0 + 17*p**2 + 0*p + 1/24*p**j + 1/6*p**3. Calculate r(-1).
-14
Let x be (-1)/((-4)/(-6))*(1 + 1). Let i = x - -6. Suppose 3*r = i*b - 6, 2*b - 19 - 5 = -3*r. Let n(c) = -c**2 + 4*c + 7. Determine n(b).
-5
Let f(p) be the first derivative of p**4/4 - 2*p**3/3 - p**2 - 27*p - 7707. Calculate f(0).
-27
Let u(m) be the second derivative of 1/2*m**3 + 5/2*m**2 + 0 - 5/12*m**4 - 65*m + 1/20*m**5. Suppose -2*s - 2*s = -16. Determine u(s).
1
Let f = -3 + 5. Let g = -7783 - -7786. Let p(u) = -u**f + g - 17*u - 5 + 14*u. Calculate p(-3).
-2
Let p(y) be the second derivative of -y**6/120 - 19*y**5/60 + 19*y**4/24 - 10*y**3/3 - 63*y**2/2 - 43*y. Let a(f) be the first derivative of p(f). Give a(-20).
0
Let l(m) = -m - 10*m**2 - 7 - 9*m**2 - 8*m**2 + 28*m**2 + 6. Let g(s) = s**2 - 9*s + 6. Let a be g(8). Give l(a).
5
Let r(u) be the third derivative of -u**5/40 - u**4/8 + 44*u**3/3 + 111*u**2. Let f(s) be the first derivative of r(s). Determine f(-3).
6
Let f(g) = -g**2 - 14*g - 10. Let y(c) = c**2 - 6*c + 3. Let h be y(3). Let v(i) = 2*i**2 + 27*i + 20. Let m(k) = h*v(k) - 11*f(k). Determine m(-7).
-3
Let b(z) = -9*z - 3. Let i be (-51)/(((-48)/32)/(2/4)). Suppose 16 + i = -11*w. Determine b(w).
24
Let j(n) = -2*n**3 + 2*n + 3. Let r(y) = 13*y**3 - 9*y - 13. Let v(w) = -9*j(w) - 2*r(w). Let m(z) = -z**3 - 14*z**2 + 15*z - 1. Let a be m(-15). What is v(a)?
7
Let q(s) = 14*s - 1. Let z(n) = -12*n + 1. Suppose 4*x = x + 18. Let t(w) = x*z(w) + 5*q(w). Suppose 6 - 11 = -5*p. What is t(p)?
-1
Suppose 0 = 4*j - b - 29, 8*j - 46 = 3*b + 17. Let h(l) = 17*l - 37. Give h(j).
65
Let i(b) be the second derivative of b**4/12 + 7*b**3/3 + 10*b**2 + 4274*b. What is i(-10)?
-20
Let j(l) = 5*l**2 - 12*l - 2. Let o be j(3). Suppose 0 = -o*i + 10*i - 6. Let d(m) = 3 + i + 0 - 6 - 2*m + 3*m**2. Determine d(2).
7
Let r be (-4*2)/(0 - 1). Suppose 0 = 19*g - 23*g + 3188. Let v(w) = g*w**2 - 790*w**2 + 8 - 4*w + 11*w - w**3. Give v(r).
0
Let v(u) be the second derivative of -u**5/20 - 3*u**4/4 - 8*u**3/3 - 15*u**2/2 - 6670*u. Give v(-6).
-27
Let f = 6 + -10. Let g = f - -1. Let j(h) be the first derivative of -h**4/4 + 3*h**2